{"id":163,"date":"2026-02-28T14:47:14","date_gmt":"2026-02-28T13:47:14","guid":{"rendered":"https:\/\/minimoments.se\/?post_type=product&#038;p=163"},"modified":"2026-04-16T15:44:51","modified_gmt":"2026-04-16T13:44:51","slug":"natursvamp-baby","status":"publish","type":"product","link":"https:\/\/minimoments.se\/index.php\/produkt\/natursvamp-baby\/","title":{"rendered":"Natursvamp Baby"},"content":{"rendered":"<div class=\"product-details-module product-details__general-info\">\n<div class=\"product-details-module__title ec-header-h6\"><strong>Produktdetaljer<\/strong><\/div>\n<div class=\"product-details-module__content\">\n<div id=\"productDescription\" class=\"product-details__product-description\">\n<p>En silkeslen natursvamp fr\u00e5n Medelhavet. Den \u00e4r idealisk f\u00f6r k\u00e4nslig babyhud. Den reng\u00f6r s\u00e4rskilt mjukt utan att irritera och f\u00f6rvandlar varje bad till en k\u00e4rleksfull v\u00e5rdritual. Svampen \u00e4r naturlig och plastfritt f\u00f6rpackad och f\u00f6rvandlar varje bad till en k\u00e4rleksfull v\u00e5rdritual.<\/p>\n<div>\n<p>Tillverkad i Grekland<\/p>\n<\/div>\n<div>\n<p>Vikt: 150 g<\/p>\n<\/div>\n<div>\n<p>Produktmaterial: Plastfri<\/p>\n<\/div>\n<div>\n<p>F\u00f6rpackning: Plastfri och \u00c5tervinningsbar<\/p>\n<\/div>\n<div>\n<p>Produktion: Etiskt framst\u00e4lld<\/p>\n<\/div>\n<\/div>\n<\/div>\n<\/div>\n<div class=\"product-details__product-share details-product-share\">\n<div class=\"product-details-module\"><\/div>\n<\/div>\n","protected":false},"excerpt":{"rendered":"<p>Produktdetaljer En silkeslen natursvamp fr\u00e5n Medelhavet. Den \u00e4r idealisk f\u00f6r k\u00e4nslig babyhud. Den reng\u00f6r s\u00e4rskilt mjukt utan att irritera och [&hellip;]<\/p>\n","protected":false},"featured_media":164,"comment_status":"open","ping_status":"closed","template":"","meta":{"site-sidebar-layout":"default","site-content-layout":"","ast-site-content-layout":"default","site-content-style":"default","site-sidebar-style":"default","ast-global-header-display":"","ast-banner-title-visibility":"","ast-main-header-display":"","ast-hfb-above-header-display":"","ast-hfb-below-header-display":"","ast-hfb-mobile-header-display":"","site-post-title":"","ast-breadcrumbs-content":"","ast-featured-img":"","footer-sml-layout":"","ast-disable-related-posts":"","theme-transparent-header-meta":"default","adv-header-id-meta":"","stick-header-meta":"","header-above-stick-meta":"","header-main-stick-meta":"","header-below-stick-meta":"","astra-migrate-meta-layouts":"set","ast-page-background-enabled":"default","ast-page-background-meta":{"desktop":{"background-color":"var(--ast-global-color-5)","background-image":"","background-repeat":"repeat","background-position":"center center","background-size":"auto","background-attachment":"scroll","background-type":"","background-media":"","overlay-type":"","overlay-color":"","overlay-opacity":"","overlay-gradient":""},"tablet":{"background-color":"","background-image":"","background-repeat":"repeat","background-position":"center center","background-size":"auto","background-attachment":"scroll","background-type":"","background-media":"","overlay-type":"","overlay-color":"","overlay-opacity":"","overlay-gradient":""},"mobile":{"background-color":"","background-image":"","background-repeat":"repeat","background-position":"center center","background-size":"auto","background-attachment":"scroll","background-type":"","background-media":"","overlay-type":"","overlay-color":"","overlay-opacity":"","overlay-gradient":""}},"ast-content-background-meta":{"desktop":{"background-color":"var(--ast-global-color-4)","background-image":"","background-repeat":"repeat","background-position":"center center","background-size":"auto","background-attachment":"scroll","background-type":"","background-media":"","overlay-type":"","overlay-color":"","overlay-opacity":"","overlay-gradient":""},"tablet":{"background-color":"var(--ast-global-color-4)","background-image":"","background-repeat":"repeat","background-position":"center center","background-size":"auto","background-attachment":"scroll","background-type":"","background-media":"","overlay-type":"","overlay-color":"","overlay-opacity":"","overlay-gradient":""},"mobile":{"background-color":"var(--ast-global-color-4)","background-image":"","background-repeat":"repeat","background-position":"center center","background-size":"auto","background-attachment":"scroll","background-type":"","background-media":"","overlay-type":"","overlay-color":"","overlay-opacity":"","overlay-gradient":""}}},"product_brand":[],"product_cat":[21],"product_tag":[],"class_list":{"0":"post-163","1":"product","2":"type-product","3":"status-publish","4":"has-post-thumbnail","6":"product_cat-produkter","7":"desktop-align-left","8":"tablet-align-left","9":"mobile-align-left","11":"first","12":"instock","13":"taxable","14":"shipping-taxable","15":"purchasable","16":"product-type-simple"},"jetpack_sharing_enabled":true,"_links":{"self":[{"href":"https:\/\/minimoments.se\/index.php\/wp-json\/wp\/v2\/product\/163","targetHints":{"allow":["GET"]}}],"collection":[{"href":"https:\/\/minimoments.se\/index.php\/wp-json\/wp\/v2\/product"}],"about":[{"href":"https:\/\/minimoments.se\/index.php\/wp-json\/wp\/v2\/types\/product"}],"replies":[{"embeddable":true,"href":"https:\/\/minimoments.se\/index.php\/wp-json\/wp\/v2\/comments?post=163"}],"wp:featuredmedia":[{"embeddable":true,"href":"https:\/\/minimoments.se\/index.php\/wp-json\/wp\/v2\/media\/164"}],"wp:attachment":[{"href":"https:\/\/minimoments.se\/index.php\/wp-json\/wp\/v2\/media?parent=163"}],"wp:term":[{"taxonomy":"product_brand","embeddable":true,"href":"https:\/\/minimoments.se\/index.php\/wp-json\/wp\/v2\/product_brand?post=163"},{"taxonomy":"product_cat","embeddable":true,"href":"https:\/\/minimoments.se\/index.php\/wp-json\/wp\/v2\/product_cat?post=163"},{"taxonomy":"product_tag","embeddable":true,"href":"https:\/\/minimoments.se\/index.php\/wp-json\/wp\/v2\/product_tag?post=163"}],"curies":[{"name":"wp","href":"https:\/\/api.w.org\/{rel}","templated":true}]}}